te the greatest common factor of w and 23.
23
Suppose 5*w - 548 = -3*f, 2*w + 3*w - 4*f = 541. Let t = w - 14. What is the highest common factor of 38 and t?
19
Suppose -3*m - 176 = -365 + 36. Let a(h) = 6*h - 1. Let i be a(3). Calculate the highest common divisor of i and m.
17
Let a be 36/27 - (-518)/21. Calculate the highest common divisor of 598 and a.
26
Suppose -90 = -2*a + w, 3*w + 0*w - 117 = -3*a. What is the highest common factor of a and 301?
43
Let b = 88 - 24. Let w = b - 48. What is the highest common divisor of 128 and w?
16
Let c(g) = g - 23 - 2*g + 5*g + 9. Let p be c(6). Let j be ((-6)/7)/(((-91)/735)/13). What is the highest common divisor of p and j?
10
Let b = 821 - 353. Calculate the highest common divisor of 36 and b.
36
Let t = 5 + 0. Suppose 2*k = -5*u + 34, -5*u + 14 = -t*k - 6. Suppose -157 = -11*m - 25. Calculate the highest common factor of u and m.
6
Let x = 366 - 50. Calculate the highest common divisor of 12 and x.
4
Let x(q) be the second derivative of 13*q**4/12 - q**3/2 + q**2 - 5*q. Let h be x(1). Calculate the highest common divisor of h and 20.
4
Let l = 13 - 9. Let a = 12125 - 12105. Calculate the greatest common factor of l and a.
4
Let s be 999/15 + (-2)/(-10)*2. What is the highest common divisor of 268 and s?
67
Suppose -970 = -6*j + j. Suppose -2*f = -2*k - 360, -3*f + j = -2*k - 348. Calculate the highest common factor of f and 26.
26
Let q be 65/7 - (-10)/(-35). Let r(p) = -q*p + 0*p - 135*p**2 + 134*p**2. Let u be r(-3). Calculate the highest common factor of u and 27.
9
Let s be (16/20)/(8/340). Calculate the highest common divisor of 85 and s.
17
Suppose -2*x = -6*x - 5*u + 75, -x - 4*u = -16. Let t be 0 - 1/(-1*(-2)/(-20)). What is the greatest common divisor of x and t?
10
Let s = 19 + -4. Calculate the highest common factor of s and 1905.
15
Suppose 5*f - 6*f = -29. Suppose -2*a + 5*z + f = 0, -2*a - 28 = -4*a + 4*z. What is the greatest common factor of a and 18?
6
Let p be (28/(-10))/(2/(-10)). Let a be ((-5)/5)/((-2)/p). Suppose -2*d - a = -37. Calculate the highest common factor of 15 and d.
15
Let c(f) = -3*f**2 - 71*f + 50. Let t be c(-22). Calculate the greatest common factor of t and 60.
20
Let l(b) = b**2 - 21*b + 27. Let t be l(24). Calculate the greatest common divisor of t and 66.
33
Suppose 4*d + 3*l - 96 = 0, -2*d = -5*d - 3*l + 69. Suppose 87*z + 45 = 84*z. Let t = z + 33. What is the greatest common divisor of d and t?
9
Let f be (1 - 2)*-1*(11 + 28). What is the highest common factor of f and 12?
3
Let p = 341 + -286. Calculate the highest common factor of p and 5.
5
Suppose 606 = 9*f - 186. What is the greatest common divisor of f and 638?
22
Let z = 157 - 136. What is the highest common divisor of 3 and z?
3
Suppose 2*u - 601 = 5*d, -2*d = -3*u - 3*d + 859. Calculate the highest common divisor of 9 and u.
9
Let s = 19 + -2. Let w be (4 + 0/1 + -1)/(12/612). What is the highest common factor of w and s?
17
Suppose 3*f - 18 = -5*m, 2*m + 2*m + 5*f = 4. Suppose -m*j + 20 = -10. What is the highest common factor of 55 and j?
5
Suppose 7*a - 5*a - 40 = 0. Suppose y + 3*v - a = 0, -3*y + 68 = -v + 2*v. Let z be 3670/20 - (-1)/2. What is the greatest common divisor of y and z?
23
Let q be (1 + 1)/((-3)/(-24)). Calculate the highest common divisor of 1 and q.
1
Let n(l) = 5*l + 3 + 2*l - 1 - 2*l. Let j be n(4). Let h be (j/(-33))/(2/(-45)). What is the highest common divisor of 165 and h?
15
Suppose 629 = 29*u - 589. What is the greatest common divisor of u and 56?
14
Let b(j) = j**3 + 13*j**2 - 33*j - 36. Let l be b(-15). What is the highest common factor of l and 12?
3
Let t(g) = 12*g**2 + 2. Let c be t(-2). Let y be 12/(-9)*(1 - 4). Suppose x - 8 = 2*q, y*x + q - 11 = 3*x. What is the greatest common divisor of x and c?
10
Let v(z) = -2*z**2 - 24*z - 14. Let i be v(-11). Let r be (-8)/2*(4 + (-34)/i). What is the greatest common divisor of 29 and r?
1
Let t(a) = 5*a**2 - a - 2. Let f = 63 + -65. Let h be t(f). Calculate the greatest common factor of 30 and h.
10
Let l(r) = r**3 + 3*r**2 - 12*r + 2. Let p be l(-5). Suppose 3*h = -3 - 18. Let n(b) = -14*b - 2. Let j be n(h). What is the highest common factor of p and j?
12
Let n be 33/(-44) - 3/(-4). Suppose n = a - 6*a + 610. Let b = -80 + a. Calculate the highest common divisor of 14 and b.
14
Let m be 4/(-5)*25/10. Let u be (-834)/(-4) + m/4. Suppose 0 = 3*q - 97 + 19. What is the highest common divisor of q and u?
26
Let p be (0 - -1)*(-4)/1. Let c be ((-32)/p)/1 + -2. What is the greatest common factor of 21 and c?
3
Let y(l) = -l**3 - 13*l**2 + 11*l - 4. Let f be y(-6). Let d = 52 - -423. Let v = f + d. What is the highest common divisor of 17 and v?
17
Let l = -194 + 922. What is the greatest common factor of l and 52?
52
Let g be 4 + 2/(-1) - -14. Suppose -4*y - 1615 = -355. Let w = -203 - y. What is the greatest common factor of g and w?
16
Suppose 11*x - 12*x + 1497 = 3*y, 4*x = -4*y + 6004. Calculate the highest common factor of 9 and x.
9
Let l be (6/2)/(-8 + 9). Suppose -4*z = 3*m - 305, 2*m - l*z - 188 = 2*z. Let x = 22 - 13. Calculate the highest common factor of m and x.
9
Suppose 2*n - 5*g = n + 13, -5*g = 5. Let a(k) = -3*k**2 + 27*k + 6. Let f be a(9). Let z be 177/4 + f/n. What is the highest common factor of 9 and z?
9
Let a be ((-335)/(-15) - -1)/((-44)/(-462)). What is the greatest common factor of a and 70?
35
Suppose -4189 = -9*p - 1624. What is the greatest common divisor of 114 and p?
57
Let s(h) = -h**2 - 2*h + 1. Let f be s(-10). Let c = 90 + f. Calculate the greatest common factor of c and 33.
11
Let w be (-4)/10 - (-9 + 7266/(-15)). What is the greatest common divisor of 58 and w?
29
Suppose 5*z = 7*z - 120. What is the greatest common factor of 12 and z?
12
Let n(t) = -16*t - 11. Let c(b) = 4*b + 3. Let r(h) = 26*c(h) + 6*n(h). Let x be r(6). What is the highest common divisor of x and 24?
12
Suppose 3*a = -i - 4*i + 404, 3*a - 4*i - 449 = 0. Suppose -2*y - a = -3*y. Calculate the highest common divisor of y and 13.
13
Let n be 5*(-1)/1*-1. Suppose 0 = n*y + 3*j - 24, -2*y - 5 = -3*j - 2. Suppose 440 - 455 = -5*q. Calculate the greatest common factor of q and y.
3
Let j be (-49)/(1*1/(-4)). Suppose 13*g = 428 + j. What is the greatest common divisor of 80 and g?
16
Suppose -2*a - 5*b + 95 = 0, 0 = 87*a - 91*a + 3*b + 255. What is the highest common factor of a and 810?
30
Suppose -4*b - 5*y + 74 = 0, -y = 4*b + y - 80. Calculate the highest common divisor of 1 and b.
1
Let t be (-2 + (-1)/(-3))/((-420)/80136). Calculate the greatest common factor of t and 6.
6
Suppose 0 = -5*n + 2*h + 566, -5*n + 687 - 107 = 5*h. Calculate the greatest common divisor of 3648 and n.
114
Suppose -30*f = -377 + 107. What is the greatest common factor of 4 and f?
1
Let z = 258 - 251. Let l(t) = t**3 + 5*t**2 - 7*t - 1. Let f be l(-6). Suppose f*a + 8 = z*a. Calculate the highest common divisor of 6 and a.
2
Let p = -765 + 785. Calculate the highest common divisor of 110 and p.
10
Let s be 11/22 + 683/2. What is the greatest common factor of s and 38?
38
Let l(s) = -8*s + 175. Let v be l(0). Let k(b) = 6*b + 22. Let r be k(8). What is the greatest common divisor of v and r?
35
Suppose 10 = 4*i - 2. Let r be -22*(1 - (-3 + i)). Let l = r - -32. Calculate the greatest common divisor of 10 and l.
10
Let n be 3/(-5)*(-28)/(308/825). Calculate the highest common divisor of 720 and n.
45
Suppose -4*k - 2*v = -78, -8*v + 7*v + 3 = 0. What is the highest common divisor of k and 378?
18
Let n = 86 - 25. Calculate the highest common divisor of 244 and n.
61
Suppose 2*j - 406 = 3*c, -8*j + 3*j + 1015 = -5*c. Calculate the highest common factor of 58 and j.
29
Suppose -6 = 3*x - 150. Suppose -y - 10 = -22. What is the highest common divisor of y and x?
12
Let v be (-2124)/(-7) - 52/(-91). Calculate the greatest common factor of v and 38.
38
Let h be -7 - (73/3)/(48/(-1008)). What is the greatest common divisor of h and 144?
72
Let h(q) = 34 + q**2 - 8*q - 34*q + 20*q. Let u be h(21). Calculate the greatest common divisor of 52 and u.
13
Suppose 0 = 4*a - 406 - 410. Suppose -5*c - j = -198, 5*c - a = 5*j - 3*j. Calculate the highest common divisor of c and 40.
40
Suppose 0 = 4*c + 5*h - 3116, 5*c + 1599 = -4*h + 5494. What is th